e number?
False
Is 303678521 a prime number?
True
Is 10604510347 a composite number?
False
Is 33188008351 a prime number?
True
Is 40789501339 a prime number?
True
Is 749224573 a prime number?
False
Is 1380162703 a prime number?
False
Is 150589726699 a prime number?
True
Is 683261153 a prime number?
True
Is 14322615137 a prime number?
True
Is 15010212641 a composite number?
False
Is 4564799171 a composite number?
False
Is 1466732121 a composite number?
True
Is 17384658563 a prime number?
False
Is 62995481 a composite number?
True
Is 330829459 prime?
True
Is 1794624199 prime?
True
Is 228048031 a prime number?
True
Is 30354164429 a composite number?
False
Is 23148681979 a prime number?
True
Is 1639849 prime?
True
Is 2274535651 composite?
True
Is 21703806143 a prime number?
False
Is 1550443511 prime?
True
Is 1169772743 composite?
True
Is 37558498039 a prime number?
True
Is 589386641 prime?
True
Is 7001816089 a prime number?
False
Is 6682118801 composite?
False
Is 92518526897 a composite number?
False
Is 13279384627 a composite number?
True
Is 905892217 prime?
True
Is 11247476717 a composite number?
True
Is 9065384893 prime?
False
Is 3486146381 a prime number?
True
Is 2274064643 a composite number?
False
Is 9754830749 a composite number?
False
Is 1959001433 prime?
True
Is 53562251 prime?
True
Is 1240330111 a composite number?
False
Is 405366001 a composite number?
False
Is 41314573805 composite?
True
Is 4500051701 a composite number?
False
Is 2031388063 prime?
True
Is 942833869 a prime number?
True
Is 1017714749 a composite number?
False
Is 604670849 composite?
True
Is 50788680731 a composite number?
True
Is 4477184057 prime?
True
Is 119200903123 a prime number?
False
Is 8177991953 a composite number?
False
Is 148887817219 a prime number?
True
Is 43200787039 a composite number?
True
Is 512891161 composite?
False
Is 80260208933 prime?
True
Is 26578834987 a composite number?
True
Is 28068771433 composite?
True
Is 661786809 prime?
False
Is 2765670079 prime?
True
Is 1002162379 composite?
False
Is 22310841781 a composite number?
False
Is 412124291 a prime number?
True
Is 2564256713 composite?
False
Is 811958183 prime?
True
Is 9610879279 a prime number?
True
Is 717110993 composite?
True
Is 695141477 composite?
False
Is 4419203221 prime?
True
Is 8312402669 a composite number?
True
Is 2770112089 a composite number?
True
Is 2437630169 a composite number?
True
Is 6140959603 a composite number?
True
Is 5771930749 composite?
True
Is 7475988283 composite?
False
Is 17640245303 a prime number?
False
Is 342617711 a composite number?
True
Is 14642734829 a composite number?
False
Is 38328689741 a prime number?
True
Is 98825794277 composite?
True
Is 2986505257 a prime number?
True
Is 479326912949 prime?
False
Is 65280913967 prime?
False
Is 2414310853 composite?
False
Is 456307793 prime?
False
Is 1334007418 a composite number?
True
Is 27133580191 composite?
False
Is 1498912157 a composite number?
False
Is 71933704627 composite?
False
Is 59729489 a prime number?
True
Is 34404907 composite?
False
Is 195323774857 composite?
True
Is 3918772789 prime?
False
Is 133368369639 prime?
False
Is 58846951 a composite number?
True
Is 17822631557 composite?
False
Is 31404833501 a composite number?
True
Is 1929830207 composite?
False
Is 24512779877 a prime number?
False
Is 1408246449 a prime number?
False
Is 32913185263 prime?
False
Is 159695203037 composite?
True
Is 163272685567 a prime number?
False
Is 18598739498 a prime number?
False
Is 8056842323 a composite number?
False
Is 11089881019 prime?
False
Is 831914201 prime?
True
Is 16603569471 composite?
True
Is 1673688851 prime?
True
Is 10223529809 prime?
False
Is 66010793137 prime?
True
Is 9422890111 composite?
False
Is 439435858145 a composite number?
True
Is 9005501861 prime?
True
Is 7315756501 prime?
False
Is 66745489 a composite number?
True
Is 10929766201 a prime number?
True
Is 1615649209 prime?
True
Is 7698643181 composite?
False
Is 13806595541 composite?
False
Is 570099149 composite?
False
Is 6585039953 composite?
True
Is 41607423523 a composite number?
False
Is 91693677199 prime?
False
Is 2568320519 a prime number?
False
Is 15746958251 composite?
True
Is 21773569039 a composite number?
False
Is 945628849 a composite number?
True
Is 167288039 a composite number?
True
Is 26822017 composite?
False
Is 48762524663 composite?
True
Is 7555318889 a composite number?
False
Is 11701952897 a composite number?
False
Is 32112485233 composite?
True
Is 1885525391 prime?
True
Is 10714463 a composite number?
False
Is 22201423327 a prime number?
False
Is 154756997 prime?
True
Is 128117023 a composite number?
True
Is 417254711 a composite number?
False
Is 1361703547 composite?
True
Is 1071507373 a prime number?
False
Is 1364165977 composite?
True
Is 148066733111 composite?
True
Is 1120148759 prime?
True
Is 95300407 composite?
True
Is 6712722011 a composite number?
False
Is 272000863 prime?
False
Is 65862095613 a composite number?
True
Is 71343492053 composite?
False
Is 223694161 a prime number?
True
Is 4387421371 a composite number?
True
Is 5707391323 prime?
False
Is 90452987 composite?
False
Is 3897588209 prime?
True
Is 1405565143 composite?
False
Is 8671427279 a prime number?
True
Is 808530491 prime?
True
Is 151239594215 a prime number?
False
Is 232771589 composite?
True
Is 468371039 composite?
True
Is 4881008689 a prime number?
True
Is 40717985519 prime?
False
Is 28596982291 composite?
True
Is 4985312593 composite?
False
Is 278619983 composite?
True
Is 568415633 composite?
True
Is 11486692829 composite?
True
Is 8389902683 a prime number?
True
Is 47728930459 a composite number?
True
Is 494788711 a prime number?
False
Is 350459519 composite?
True
Is 11635367039 composite?
True
Is 29086557961 a prime number?
True
Is 5233547881 a composite number?
True
Is 1140522511 a prime number?
True
Is 2050898739 prime?
False
Is 17574039293 prime?
False
Is 384513091 composite?
False
Is 4342103461 composite?
True
Is 822704867 a composite number?
False
Is 230619527 prime?
True
Is 3060003113 prime?
True
Is 2265712633 a prime number?
True
Is 3176121761 composite?
False
Is 14332058869 a prime number?
True
Is 97074461633 prime?
False
Is 3809650069 a composite number?
False
Is 7044300001 composite?
False
Is 6891896401 a composite number?
True
Is 9302601223 prime?
False
Is 87971714063 a prime number?
True
Is 22933026043 a composite number?
False
Is 2001797849 composite?
False
Is 7178190209 prime?
True
Is 11148821977 prime?
True
Is 47011721 a composite number?
False
Is 10100259937 prime?
False
Is 680917981 a prime number?
False
Is 80670063 prime?
False
Is 164189447 a prime number?
True
Is 12349510261 prime?
False
Is 5869014313 a prime number?
False
Is 6750630379 prime?
True
Is 743559431 prime?
True
Is 3232846733 prime?
True
Is 273708163 composite?
True
Is 3096524419 prime?
False
Is 3547670807 a composite number?
False
Is 19265771719 composite?
False
Is 8077718483 prime?
True
Is 25124714633 a prime number?
True
Is 2237819107 composite?
True
Is 1085347793 composite?
False
Is 246186735391 composite?
False
Is 16594514173 prime?
False
Is 60094477615 a composite number?
True
Is 20492278315 a composite number?
True
Is 4606110199 prime?
True
Is 9283887127 prime?
True
Is 11042685079 a prime number?
True
Is 22943841391 prime?
True
Is 536411327 a prime number?
True
Is 35097173743 composite?
False
Is 190702519 prime?
False
Is 9338253967 prime?
False
Is 6588923457 a composite number?
True
Is 4263065 prime?
False
Is 1139300779 a composite number?
False
Is 2945124163 a composite number?
False
Is 1640913215 composite?
True
Is 51923771 a composite number?
True
Is 123915348059 a prime number?
False
Is 56166839 prime?
True
Is 31276667039 composite?
True
Is 6694742179 composite?
True
Is 66770581439 prime?
True
Is 10597528894 a prime number?
False
Is 212631143 a prime number?
False
Is 332280329 a prime number?
False
Is 345386113 prime?
False
Is 39840050317 prime?
True
Is 331045409 a composite number?
False
Is 6830604113 prime?
True
Is 2763357859 composite?
False
Is 5111643917 a prime number?
False
Is 1875526823 a prime number?
True
Is 721874371 composite?
True
Is 252580469 a prime number?
True
Is 4496963879 a composite number?
True
Is 63155170553 prime?
True
Is 714184561 prime?
T